mon factor of 18 and 12385557?
9
What is the highest common divisor of 16999062 and 316?
158
What is the greatest common divisor of 11094 and 47816?
86
What is the greatest common divisor of 7012096 and 157339?
637
What is the highest common factor of 6775 and 493701025?
6775
Calculate the highest common factor of 138 and 234468302.
46
What is the highest common factor of 6 and 16253556?
6
Calculate the greatest common factor of 1376164 and 292.
4
Calculate the highest common factor of 23213854 and 212722.
4526
Calculate the highest common divisor of 14135481 and 4023.
1341
Calculate the highest common divisor of 2727 and 557750583.
2727
What is the highest common divisor of 27072 and 46804480?
3008
Calculate the highest common factor of 3968 and 7293296.
16
Calculate the highest common divisor of 3204 and 37512.
36
Calculate the highest common divisor of 13512 and 304191152.
4504
What is the greatest common factor of 322 and 16003561?
161
Calculate the greatest common factor of 9646 and 61921490.
106
Calculate the highest common factor of 868059 and 171.
9
Calculate the highest common factor of 1389 and 152035773.
1389
What is the highest common factor of 5147754 and 282?
6
What is the highest common divisor of 1525 and 6265?
5
Calculate the greatest common divisor of 169056 and 15262.
1174
Calculate the highest common divisor of 10784355 and 828.
69
Calculate the highest common divisor of 750 and 14538.
6
What is the greatest common factor of 48732 and 598539?
393
Calculate the highest common divisor of 669644 and 12284.
332
What is the greatest common factor of 693 and 397562?
11
What is the greatest common factor of 656 and 4221647?
41
What is the highest common factor of 339901 and 4301661?
2251
What is the greatest common factor of 211077321 and 221?
221
Calculate the greatest common factor of 1418778 and 9739534.
6854
Calculate the highest common factor of 101914380 and 6900.
1380
What is the highest common factor of 30420 and 97620?
60
Calculate the greatest common factor of 851 and 32988601.
23
What is the highest common factor of 332 and 418569?
83
Calculate the greatest common divisor of 294337 and 24.
1
What is the greatest common factor of 91413045 and 339?
339
What is the greatest common divisor of 36911300 and 1425?
475
Calculate the greatest common divisor of 1234399882 and 129.
43
Calculate the highest common factor of 133035483 and 4242.
2121
What is the greatest common divisor of 664598 and 62458?
374
What is the greatest common factor of 217831 and 3246039?
3571
What is the greatest common factor of 312 and 81133208?
104
Calculate the highest common divisor of 67500 and 17000.
500
Calculate the highest common divisor of 3334540 and 1870.
110
Calculate the highest common factor of 14 and 20689067.
7
Calculate the highest common factor of 311118 and 3288.
6
Calculate the greatest common factor of 106 and 639929049.
53
What is the highest common factor of 80331104 and 6816?
2272
What is the greatest common factor of 3455 and 11380?
5
What is the highest common factor of 9 and 114404517?
9
What is the highest common factor of 886272730 and 170?
170
What is the highest common divisor of 335670 and 16199?
167
Calculate the greatest common divisor of 1355988 and 33524.
1156
What is the highest common divisor of 107393 and 57343?
143
What is the highest common factor of 80794 and 1980846?
2786
What is the greatest common factor of 59242023 and 372?
93
What is the highest common divisor of 111486940 and 8?
4
What is the highest common factor of 5474865440 and 55?
55
What is the greatest common divisor of 901 and 17477545?
53
What is the highest common factor of 1586482 and 1463636?
478
Calculate the highest common divisor of 530 and 394586060.
530
Calculate the greatest common divisor of 16175250 and 148680.
630
What is the highest common divisor of 125 and 287364775?
25
Calculate the highest common divisor of 15772941 and 432.
27
What is the highest common factor of 2211 and 7039659?
33
Calculate the highest common factor of 7293393 and 522.
9
Calculate the highest common divisor of 26565 and 5245449.
759
Calculate the greatest common divisor of 7545 and 39171125.
2515
What is the highest common divisor of 950 and 4775650?
950
Calculate the greatest common divisor of 697641930 and 108.
54
Calculate the greatest common divisor of 6693219 and 702.
351
Calculate the highest common divisor of 77430204 and 396.
36
What is the highest common divisor of 1334 and 50868755?
667
What is the greatest common factor of 300 and 70903740?
60
Calculate the greatest common divisor of 14 and 5055554.
14
Calculate the highest common divisor of 2038 and 1603522856.
2038
Calculate the highest common divisor of 709841 and 27401.
517
Calculate the greatest common divisor of 59 and 167517.
1
Calculate the highest common divisor of 830 and 309715745.
415
What is the greatest common factor of 1938 and 240078?
6
What is the highest common divisor of 18467875 and 125?
125
Calculate the greatest common factor of 1975 and 2354875.
25
What is the highest common factor of 12 and 2384472?
12
Calculate the highest common factor of 4604700 and 800.
100
What is the highest common factor of 130293 and 46593?
279
What is the highest common factor of 970083 and 13020?
93
Calculate the highest common divisor of 51968232 and 986.
58
What is the highest common factor of 12463 and 29161?
121
Calculate the greatest common factor of 112 and 442904432.
16
What is the highest common factor of 14151 and 64289?
53
What is the highest common factor of 289590400 and 9120?
3040
What is the greatest common divisor of 440229555 and 45?
45
Calculate the highest common divisor of 489160 and 1472.
8
Calculate the highest common divisor of 910664 and 73057.
1699
What is the greatest common divisor of 10830 and 1564080?
570
Calculate the highest common divisor of 493470 and 11580.
30
Calculate the greatest common divisor of 1484 and 644268.
212
What is the greatest common divisor of 26 and 19825?
13
Calculate the greatest common factor of 320 and 58832.
16
Calculate the greatest common divisor of 57712 and 890608.
16
Calculate the greatest common factor of 1717 and 5157409.
17
What is the greatest common divisor of 316576 and 2438176?
416
Calculate the greatest common factor of 1896684 and 1149.
3
What is the highest common factor of 15004 and 450391436?
1364
Calculate the highest common factor of 152 and 5027688.
8
Calculate the greatest common divisor of 630 and 708370.
10
What is the greatest common factor of 4176 and 1597716?
36
What is the greatest common divisor of 269064 and 27432?
72
What is the greatest common divisor of 19539 and 16970707?
2171
Calculate the greatest common factor of 2239295 and 40.
5
Calculate the highest common divisor of 1376 and 1615524448.
1376
What is the highest common divisor of 23035663 and 714?
119
Calculate the greatest common factor of 1584 and 148899696.
528
What is the highest common factor of 43060 and 22?
2
What is the highest common divisor of 1251252424 and 278?
278
Calculate the greatest common divisor of 2463 and 42969.
3
What is the greatest common factor of 24525487 and 777?
259
Calculate the highest common factor of 115 and 915274581.
23
What is the greatest common factor of 21593808 and 198?
18
Calculate the highest common divisor of 631554 and 41118.
462
What is the greatest common factor of 477245 and 775?
155
Calculate the greatest common factor of 569307 and 13407.
327
What is the greatest common factor of 4410 and 1813686?
294
What is the highest common factor of 187863 and 1014?
39
Calculate the highest common factor of 349160 and 15505.
35
What is the highest common divisor of 8256 and 28217460?
516
What is the highest common divisor of 7829503 and 136?
17
Calculate the greatest common divisor of 12762290 and 13570.
590
Calculate the greatest common divisor of 247151 and 53513.
59
Calculate the highest common divisor of 61252549 and 676593.
8353
What is the highest common divisor of 892880 and 10160?
80
Calculate the greatest common factor of 56357454 and 6.
6
What is the highest common factor of 376783 and 737?
11
What is the greatest common factor of 681044 and 66430?
182
Calculate the greatest common divisor of 368376 and 60